CRAN Package Check Results for Package accucor

Last updated on 2021-06-22 11:49:42 CEST.

Flavor Version Tinstall Tcheck Ttotal Status Flags
r-devel-linux-x86_64-debian-clang 0.2.4 5.56 156.36 161.92 OK
r-devel-linux-x86_64-debian-gcc 0.2.4 4.30 115.25 119.55 OK
r-devel-linux-x86_64-fedora-clang 0.2.4 199.65 NOTE
r-devel-linux-x86_64-fedora-gcc 0.2.4 187.15 NOTE
r-devel-windows-x86_64 0.2.4 9.00 179.00 188.00 OK
r-devel-windows-x86_64-gcc10-UCRT 0.2.4 NOTE
r-patched-linux-x86_64 0.2.4 5.93 151.24 157.17 OK
r-patched-solaris-x86 0.2.4 235.80 NOTE
r-release-linux-x86_64 0.2.4 4.84 148.79 153.63 OK
r-release-macos-arm64 0.2.4 NOTE
r-release-macos-x86_64 0.2.4 NOTE
r-release-windows-ix86+x86_64 0.2.4 12.00 187.00 199.00 OK
r-oldrel-macos-x86_64 0.2.4 NOTE

Check Details

Version: 0.2.4
Check: dependencies in R code
Result: NOTE
    Namespace in Imports field not imported from: ‘gsubfn’
     All declared Imports should be used.
Flavors: r-devel-linux-x86_64-fedora-clang, r-devel-linux-x86_64-fedora-gcc, r-devel-windows-x86_64-gcc10-UCRT, r-patched-solaris-x86, r-release-macos-arm64, r-release-macos-x86_64, r-oldrel-macos-x86_64