CRAN Package Check Results for Package abodOutlier

Last updated on 2022-05-28 23:54:58 CEST.

Flavor Version Tinstall Tcheck Ttotal Status Flags
r-devel-linux-x86_64-debian-clang 0.1 2.08 31.70 33.78 NOTE
r-devel-linux-x86_64-debian-gcc 0.1 1.68 24.99 26.67 NOTE
r-devel-linux-x86_64-fedora-clang 0.1 42.02 NOTE
r-devel-linux-x86_64-fedora-gcc 0.1 40.76 NOTE
r-devel-windows-x86_64 0.1 12.00 48.00 60.00 NOTE
r-patched-linux-x86_64 0.1 1.93 30.71 32.64 NOTE
r-release-linux-x86_64 0.1 1.92 30.46 32.38 NOTE
r-release-macos-arm64 0.1 16.00 NOTE
r-release-macos-x86_64 0.1 23.00 NOTE
r-release-windows-x86_64 0.1 14.00 46.00 60.00 NOTE
r-oldrel-macos-arm64 0.1 21.00 NOTE
r-oldrel-macos-x86_64 0.1 26.00 NOTE
r-oldrel-windows-ix86+x86_64 0.1 5.00 39.00 44.00 NOTE

Check Details

Version: 0.1
Check: LazyData
Result: NOTE
     'LazyData' is specified without a 'data' directory
Flavors: r-devel-linux-x86_64-debian-clang, r-devel-linux-x86_64-debian-gcc, r-devel-linux-x86_64-fedora-clang, r-devel-linux-x86_64-fedora-gcc, r-devel-windows-x86_64, r-patched-linux-x86_64, r-release-linux-x86_64, r-release-macos-arm64, r-release-macos-x86_64, r-release-windows-x86_64, r-oldrel-macos-arm64, r-oldrel-macos-x86_64, r-oldrel-windows-ix86+x86_64