CRAN Package Check Results for Package abctools

Last updated on 2024-07-25 11:46:59 CEST.

Flavor Version Tinstall Tcheck Ttotal Status Flags
r-devel-linux-x86_64-debian-clang 1.1.7 19.08 132.73 151.81 OK
r-devel-linux-x86_64-debian-gcc 1.1.7 12.98 98.25 111.23 NOTE
r-devel-linux-x86_64-fedora-clang 1.1.7 187.22 OK
r-devel-linux-x86_64-fedora-gcc 1.1.7 174.26 OK
r-devel-windows-x86_64 1.1.7 18.00 121.00 139.00 NOTE
r-patched-linux-x86_64 1.1.7 OK
r-release-linux-x86_64 1.1.7 10.86 124.06 134.92 OK
r-release-macos-arm64 1.1.7 55.00 OK
r-release-macos-x86_64 1.1.7 84.00 OK
r-release-windows-x86_64 1.1.7 17.00 120.00 137.00 OK
r-oldrel-macos-arm64 1.1.7 60.00 OK
r-oldrel-macos-x86_64 1.1.7 147.00 OK
r-oldrel-windows-x86_64 1.1.7 23.00 148.00 171.00 OK

Check Details

Version: 1.1.7
Check: Rd cross-references
Result: NOTE Found the following Rd file(s) with Rd \link{} targets missing package anchors: abctools-package.Rd: abc cov.pi.Rd: abc, postpr Please provide package anchors for all Rd \link{} targets not in the package itself and the base packages. Flavors: r-devel-linux-x86_64-debian-gcc, r-devel-windows-x86_64