CRAN Package Check Results for Package abcADM

Last updated on 2021-09-21 15:50:36 CEST.

Flavor Version Tinstall Tcheck Ttotal Status Flags
r-devel-linux-x86_64-debian-clang 1.0 61.46 29.81 91.27 OK
r-devel-linux-x86_64-debian-gcc 1.0 42.94 23.40 66.34 OK
r-devel-linux-x86_64-fedora-clang 1.0 143.96 OK
r-devel-linux-x86_64-fedora-gcc 1.0 119.92 OK
r-devel-windows-x86_64 1.0 63.00 42.00 105.00 OK
r-devel-windows-x86_64-gcc10-UCRT 1.0 ERROR
r-patched-linux-x86_64 1.0 52.27 28.92 81.19 OK
r-patched-solaris-x86 1.0 123.70 OK
r-release-linux-x86_64 1.0 51.61 28.97 80.58 OK
r-release-macos-arm64 1.0 OK
r-release-macos-x86_64 1.0 OK
r-release-windows-ix86+x86_64 1.0 151.00 71.00 222.00 OK
r-oldrel-macos-x86_64 1.0 OK
r-oldrel-windows-ix86+x86_64 1.0 148.00 55.00 203.00 OK

Check Details

Version: 1.0
Check: whether package can be installed
Result: ERROR
    Installation failed.
Flavor: r-devel-windows-x86_64-gcc10-UCRT