CRAN Package Check Results for Package aRchi

Last updated on 2021-06-18 15:50:17 CEST.

Flavor Version Tinstall Tcheck Ttotal Status Flags
r-devel-linux-x86_64-debian-clang 1.0.5 16.87 136.36 153.23 OK
r-devel-linux-x86_64-debian-gcc 1.0.5 15.36 95.37 110.73 OK
r-devel-linux-x86_64-fedora-clang 1.0.5 184.71 OK
r-devel-linux-x86_64-fedora-gcc 1.0.5 162.65 OK
r-devel-windows-x86_64 1.0.5 29.00 146.00 175.00 OK
r-devel-windows-x86_64-gcc10-UCRT 1.0.5 ERROR
r-patched-linux-x86_64 1.0.5 16.63 118.66 135.29 OK
r-patched-solaris-x86 1.0.5 224.20 OK
r-release-linux-x86_64 1.0.5 16.41 120.03 136.44 OK
r-release-macos-arm64 1.0.5 ERROR
r-release-macos-x86_64 1.0.5 OK
r-release-windows-ix86+x86_64 1.0.5 34.00 143.00 177.00 OK
r-oldrel-macos-x86_64 1.0.5 OK
r-oldrel-windows-ix86+x86_64 1.0.5 25.00 148.00 173.00 OK

Check Details

Version: 1.0.5
Check: package dependencies
Result: ERROR
    Package required but not available: 'lidR'
    
    See section 'The DESCRIPTION file' in the 'Writing R Extensions'
    manual.
Flavors: r-devel-windows-x86_64-gcc10-UCRT, r-release-macos-arm64