CRAN Package Check Results for Package XBRL

Last updated on 2021-01-26 11:48:16 CET.

Flavor Version Tinstall Tcheck Ttotal Status Flags
r-devel-linux-x86_64-debian-clang 0.99.18 111.33 29.95 141.28 NOTE
r-devel-linux-x86_64-debian-gcc 0.99.18 67.36 23.43 90.79 NOTE
r-devel-linux-x86_64-fedora-clang 0.99.18 213.28 NOTE
r-devel-linux-x86_64-fedora-gcc 0.99.18 170.45 NOTE
r-devel-windows-ix86+x86_64 0.99.18 255.00 73.00 328.00 NOTE
r-patched-linux-x86_64 0.99.18 82.73 28.70 111.43 NOTE
r-patched-solaris-x86 0.99.18 159.00 NOTE
r-release-linux-x86_64 0.99.18 84.05 28.82 112.87 NOTE
r-release-macos-x86_64 0.99.18 NOTE
r-release-windows-ix86+x86_64 0.99.18 253.00 61.00 314.00 NOTE
r-oldrel-macos-x86_64 0.99.18 NOTE
r-oldrel-windows-ix86+x86_64 0.99.18 200.00 77.00 277.00 NOTE

Check Details

Version: 0.99.18
Check: top-level files
Result: NOTE
    Found a 'configure.in' file: 'configure.ac' has long been preferred.
     Output from running autoreconf:
     aclocal: warning: autoconf input should be named 'configure.ac', not 'configure.in'
Flavors: r-devel-linux-x86_64-debian-clang, r-devel-linux-x86_64-debian-gcc, r-devel-linux-x86_64-fedora-clang, r-devel-linux-x86_64-fedora-gcc, r-patched-linux-x86_64, r-release-linux-x86_64

Version: 0.99.18
Check: installed package size
Result: NOTE
     installed size is 6.2Mb
     sub-directories of 1Mb or more:
     libs 6.1Mb
Flavors: r-devel-windows-ix86+x86_64, r-release-macos-x86_64, r-release-windows-ix86+x86_64, r-oldrel-windows-ix86+x86_64

Version: 0.99.18
Check: top-level files
Result: NOTE
    Found a 'configure.in' file: 'configure.ac' has long been preferred.
Flavors: r-devel-windows-ix86+x86_64, r-patched-solaris-x86, r-release-macos-x86_64, r-release-windows-ix86+x86_64, r-oldrel-macos-x86_64, r-oldrel-windows-ix86+x86_64