CRAN Package Check Results for Package WaveletML

Last updated on 2024-06-13 12:50:06 CEST.

Flavor Version Tinstall Tcheck Ttotal Status Flags
r-devel-linux-x86_64-debian-clang 0.1.0 21.82 174.22 196.04 OK
r-devel-linux-x86_64-debian-gcc 0.1.0 0.32 1.79 2.11 ERROR
r-devel-linux-x86_64-fedora-clang 0.1.0 246.52 OK
r-devel-linux-x86_64-fedora-gcc 0.1.0 226.29 OK
r-devel-windows-x86_64 0.1.0 18.00 132.00 150.00 OK
r-patched-linux-x86_64 0.1.0 12.22 164.74 176.96 OK
r-release-linux-x86_64 0.1.0 13.51 164.62 178.13 OK
r-release-macos-arm64 0.1.0 62.00 OK
r-release-macos-x86_64 0.1.0 96.00 OK
r-release-windows-x86_64 0.1.0 17.00 133.00 150.00 OK
r-oldrel-macos-arm64 0.1.0 67.00 OK
r-oldrel-macos-x86_64 0.1.0 115.00 OK
r-oldrel-windows-x86_64 0.1.0 23.00 171.00 194.00 OK

Check Details

Version: 0.1.0
Check: package dependencies
Result: ERROR Packages required but not available: 'forecast', 'LSTS', 'caret' See section ‘The DESCRIPTION file’ in the ‘Writing R Extensions’ manual. Flavor: r-devel-linux-x86_64-debian-gcc