CRAN Package Check Results for Package WaveSampling

Last updated on 2021-12-09 07:50:29 CET.

Flavor Version Tinstall Tcheck Ttotal Status Flags
r-devel-linux-x86_64-debian-clang 0.1.1 125.36 88.55 213.91 NOTE
r-devel-linux-x86_64-debian-gcc 0.1.1 96.71 68.94 165.65 NOTE
r-devel-linux-x86_64-fedora-clang 0.1.1 321.56 NOTE
r-devel-linux-x86_64-fedora-gcc 0.1.1 286.42 NOTE
r-devel-windows-x86_64-new-UL 0.1.1 164.00 151.00 315.00 NOTE
r-devel-windows-x86_64-new-TK 0.1.1 NOTE
r-devel-windows-x86_64-old 0.1.1 173.00 118.00 291.00 NOTE
r-patched-linux-x86_64 0.1.1 117.01 85.95 202.96 NOTE
r-release-linux-x86_64 0.1.1 112.77 84.47 197.24 NOTE
r-release-macos-arm64 0.1.1 NOTE
r-release-macos-x86_64 0.1.1 NOTE
r-release-windows-ix86+x86_64 0.1.1 245.00 138.00 383.00 NOTE
r-oldrel-macos-x86_64 0.1.1 NOTE
r-oldrel-windows-ix86+x86_64 0.1.1 332.00 142.00 474.00 OK

Check Details

Version: 0.1.1
Check: LazyData
Result: NOTE
     'LazyData' is specified without a 'data' directory
Flavors: r-devel-linux-x86_64-debian-clang, r-devel-linux-x86_64-debian-gcc, r-devel-linux-x86_64-fedora-clang, r-devel-linux-x86_64-fedora-gcc, r-devel-windows-x86_64-new-UL, r-devel-windows-x86_64-new-TK, r-devel-windows-x86_64-old, r-patched-linux-x86_64, r-release-linux-x86_64, r-release-macos-arm64, r-release-macos-x86_64, r-release-windows-ix86+x86_64

Version: 0.1.1
Check: installed package size
Result: NOTE
     installed size is 6.0Mb
     sub-directories of 1Mb or more:
     libs 5.8Mb
Flavors: r-release-macos-arm64, r-release-macos-x86_64, r-oldrel-macos-x86_64