Last updated on 2021-03-07 15:47:52 CET.
Flavor | Version | Tinstall | Tcheck | Ttotal | Status | Flags |
---|---|---|---|---|---|---|
r-devel-linux-x86_64-debian-clang | 0.1.0 | 60.88 | 88.62 | 149.50 | OK | |
r-devel-linux-x86_64-debian-gcc | 0.1.0 | 40.20 | 65.24 | 105.44 | OK | |
r-devel-linux-x86_64-fedora-clang | 0.1.0 | 202.13 | NOTE | |||
r-devel-linux-x86_64-fedora-gcc | 0.1.0 | 180.54 | NOTE | |||
r-devel-windows-ix86+x86_64 | 0.1.0 | 141.00 | 162.00 | 303.00 | OK | |
r-devel-windows-x86_64-gcc10-UCRT | 0.1.0 | NOTE | ||||
r-patched-linux-x86_64 | 0.1.0 | 48.38 | 86.95 | 135.33 | OK | |
r-patched-solaris-x86 | 0.1.0 | 220.70 | NOTE | |||
r-release-linux-x86_64 | 0.1.0 | 45.57 | 87.58 | 133.15 | OK | |
r-release-macos-x86_64 | 0.1.0 | NOTE | ||||
r-release-windows-ix86+x86_64 | 0.1.0 | 97.00 | 127.00 | 224.00 | OK | |
r-oldrel-macos-x86_64 | 0.1.0 | NOTE | ||||
r-oldrel-windows-ix86+x86_64 | 0.1.0 | 89.00 | 124.00 | 213.00 | OK |
Version: 0.1.0
Check: dependencies in R code
Result: NOTE
Namespaces in Imports field not imported from:
‘fdadensity’ ‘locfit’ ‘locpol’ ‘modeest’
All declared Imports should be used.
Flavors: r-devel-linux-x86_64-fedora-clang, r-devel-linux-x86_64-fedora-gcc, r-devel-windows-x86_64-gcc10-UCRT, r-patched-solaris-x86, r-release-macos-x86_64, r-oldrel-macos-x86_64