CRAN Package Check Results for Package W3CMarkupValidator

Last updated on 2021-09-21 15:51:29 CEST.

Flavor Version Tinstall Tcheck Ttotal Status Flags
r-devel-linux-x86_64-debian-clang 0.1-6 2.18 24.37 26.55 OK
r-devel-linux-x86_64-debian-gcc 0.1-6 1.76 19.22 20.98 OK
r-devel-linux-x86_64-fedora-clang 0.1-6 41.25 NOTE
r-devel-linux-x86_64-fedora-gcc 0.1-6 30.64 OK
r-devel-windows-x86_64 0.1-6 3.00 29.00 32.00 OK
r-devel-windows-x86_64-gcc10-UCRT 0.1-6 ERROR
r-patched-linux-x86_64 0.1-6 2.01 23.89 25.90 OK
r-patched-solaris-x86 0.1-6 49.90 OK
r-release-linux-x86_64 0.1-6 2.19 23.61 25.80 OK
r-release-macos-arm64 0.1-6 OK
r-release-macos-x86_64 0.1-6 OK
r-release-windows-ix86+x86_64 0.1-6 5.00 38.00 43.00 OK
r-oldrel-macos-x86_64 0.1-6 OK
r-oldrel-windows-ix86+x86_64 0.1-6 5.00 34.00 39.00 OK

Check Details

Version: 0.1-6
Check: Rd cross-references
Result: NOTE
    Undeclared package ‘RCurl’ in Rd xrefs
Flavor: r-devel-linux-x86_64-fedora-clang

Version: 0.1-6
Check: whether package can be installed
Result: WARN
    Found the following significant warnings:
     WARNING: installation-time patches will not be applied, could not get the patches index
Flavor: r-devel-windows-x86_64-gcc10-UCRT

Version: 0.1-6
Check: PDF version of manual
Result: WARN
    LaTeX errors when creating PDF version.
    This typically indicates Rd problems.
Flavor: r-devel-windows-x86_64-gcc10-UCRT

Version: 0.1-6
Check: PDF version of manual without hyperrefs or index
Result: ERROR
    Re-running with no redirection of stdout/stderr.
Flavor: r-devel-windows-x86_64-gcc10-UCRT