CRAN Package Check Results for Package VicmapR

Last updated on 2021-09-22 07:51:45 CEST.

Flavor Version Tinstall Tcheck Ttotal Status Flags
r-devel-linux-x86_64-debian-clang 0.1.7 6.51 57.65 64.16 OK
r-devel-linux-x86_64-debian-gcc 0.1.7 5.01 43.16 48.17 OK
r-devel-linux-x86_64-fedora-clang 0.1.7 88.41 OK
r-devel-linux-x86_64-fedora-gcc 0.1.7 75.58 OK
r-devel-windows-x86_64 0.1.7 8.00 65.00 73.00 OK
r-devel-windows-x86_64-gcc10-UCRT 0.1.7 ERROR
r-patched-linux-x86_64 0.1.7 6.06 53.92 59.98 OK
r-patched-solaris-x86 0.1.7 100.80 OK
r-release-linux-x86_64 0.1.7 6.23 53.86 60.09 OK
r-release-macos-arm64 0.1.7 OK
r-release-macos-x86_64 0.1.7 OK
r-release-windows-ix86+x86_64 0.1.7 14.00 81.00 95.00 OK
r-oldrel-macos-x86_64 0.1.7 OK
r-oldrel-windows-ix86+x86_64 0.1.7 11.00 63.00 74.00 OK

Check Details

Version: 0.1.7
Check: package dependencies
Result: ERROR
    Packages required but not available: 'sf', 'xml2'
    
    Package suggested but not available for checking: 'leaflet'
    
    See section 'The DESCRIPTION file' in the 'Writing R Extensions'
    manual.
Flavor: r-devel-windows-x86_64-gcc10-UCRT