CRAN Package Check Results for Package VWPre

Last updated on 2021-02-25 11:47:42 CET.

Flavor Version Tinstall Tcheck Ttotal Status Flags
r-devel-linux-x86_64-debian-clang 1.2.4 10.53 109.45 119.98 OK
r-devel-linux-x86_64-debian-gcc 1.2.4 8.55 79.86 88.41 OK
r-devel-linux-x86_64-fedora-clang 1.2.4 153.30 NOTE
r-devel-linux-x86_64-fedora-gcc 1.2.4 137.68 OK
r-devel-windows-ix86+x86_64 1.2.4 26.00 98.00 124.00 OK
r-patched-linux-x86_64 1.2.4 11.73 100.81 112.54 OK
r-patched-solaris-x86 1.2.4 180.00 OK
r-release-linux-x86_64 1.2.4 11.55 102.17 113.72 OK
r-release-macos-x86_64 1.2.4 OK
r-release-windows-ix86+x86_64 1.2.4 23.00 137.00 160.00 OK
r-oldrel-macos-x86_64 1.2.4 OK
r-oldrel-windows-ix86+x86_64 1.2.4 13.00 132.00 145.00 OK

Check Details

Version: 1.2.4
Check: Rd cross-references
Result: NOTE
    Undeclared package ‘tibble’ in Rd xrefs
Flavor: r-devel-linux-x86_64-fedora-clang