CRAN Package Check Results for Package VALERIE

Last updated on 2021-11-28 07:51:00 CET.

Flavor Version Tinstall Tcheck Ttotal Status Flags
r-devel-linux-x86_64-debian-clang 1.1.0 OK
r-devel-linux-x86_64-debian-gcc 1.1.0 31.44 262.28 293.72 OK
r-devel-linux-x86_64-fedora-clang 1.1.0 498.02 NOTE
r-devel-linux-x86_64-fedora-gcc 1.1.0 501.85 OK
r-devel-windows-x86_64-new-UL 1.1.0 72.00 407.00 479.00 NOTE
r-devel-windows-x86_64-new-TK 1.1.0 OK
r-devel-windows-x86_64-old 1.1.0 59.00 399.00 458.00 NOTE
r-patched-linux-x86_64 1.1.0 36.21 332.50 368.71 OK
r-patched-solaris-x86 1.1.0 600.10 NOTE
r-release-linux-x86_64 1.1.0 35.87 329.41 365.28 OK
r-release-macos-arm64 1.1.0 NOTE
r-release-macos-x86_64 1.1.0 NOTE
r-release-windows-ix86+x86_64 1.1.0 87.00 369.00 456.00 NOTE
r-oldrel-macos-x86_64 1.1.0 NOTE
r-oldrel-windows-ix86+x86_64 1.1.0 86.00 387.00 473.00 NOTE

Check Details

Version: 1.1.0
Check: installed package size
Result: NOTE
     installed size is 9.5Mb
     sub-directories of 1Mb or more:
     extdata 8.7Mb
Flavors: r-devel-linux-x86_64-fedora-clang, r-devel-windows-x86_64-new-UL, r-devel-windows-x86_64-old, r-patched-solaris-x86, r-release-macos-arm64, r-release-macos-x86_64, r-release-windows-ix86+x86_64, r-oldrel-macos-x86_64, r-oldrel-windows-ix86+x86_64