CRAN Package Check Results for Package Umoments

Last updated on 2021-06-19 23:49:39 CEST.

Flavor Version Tinstall Tcheck Ttotal Status Flags
r-devel-linux-x86_64-debian-clang 0.1.1 11.71 55.64 67.35 NOTE
r-devel-linux-x86_64-debian-gcc 0.1.1 11.51 41.18 52.69 NOTE
r-devel-linux-x86_64-fedora-clang 0.1.1 92.39 NOTE
r-devel-linux-x86_64-fedora-gcc 0.1.1 80.11 NOTE
r-devel-windows-x86_64 0.1.1 20.00 54.00 74.00 NOTE
r-devel-windows-x86_64-gcc10-UCRT 0.1.1 NOTE
r-patched-linux-x86_64 0.1.1 11.49 53.77 65.26 NOTE
r-patched-solaris-x86 0.1.1 103.10 NOTE
r-release-linux-x86_64 0.1.1 11.02 53.47 64.49 NOTE
r-release-macos-arm64 0.1.1 NOTE
r-release-macos-x86_64 0.1.1 NOTE
r-release-windows-ix86+x86_64 0.1.1 21.00 73.00 94.00 NOTE
r-oldrel-macos-x86_64 0.1.1 OK
r-oldrel-windows-ix86+x86_64 0.1.1 16.00 72.00 88.00 OK

Check Details

Version: 0.1.1
Check: LazyData
Result: NOTE
     'LazyData' is specified without a 'data' directory
Flavors: r-devel-linux-x86_64-debian-clang, r-devel-linux-x86_64-debian-gcc, r-devel-linux-x86_64-fedora-clang, r-devel-linux-x86_64-fedora-gcc, r-devel-windows-x86_64, r-devel-windows-x86_64-gcc10-UCRT, r-patched-linux-x86_64, r-patched-solaris-x86, r-release-linux-x86_64, r-release-macos-arm64, r-release-macos-x86_64, r-release-windows-ix86+x86_64