CRAN Package Check Results for Package UCSCXenaTools

Last updated on 2021-11-28 15:48:58 CET.

Flavor Version Tinstall Tcheck Ttotal Status Flags
r-devel-linux-x86_64-debian-clang 1.4.7 OK
r-devel-linux-x86_64-debian-gcc 1.4.7 4.73 50.90 55.63 OK
r-devel-linux-x86_64-fedora-clang 1.4.7 102.87 NOTE
r-devel-linux-x86_64-fedora-gcc 1.4.7 86.40 NOTE
r-devel-windows-x86_64-new-UL 1.4.7 22.00 133.00 155.00 OK
r-devel-windows-x86_64-new-TK 1.4.7 NOTE
r-devel-windows-x86_64-old 1.4.7 13.00 106.00 119.00 OK
r-patched-linux-x86_64 1.4.7 6.39 62.51 68.90 OK
r-patched-solaris-x86 1.4.7 107.80 NOTE
r-release-linux-x86_64 1.4.7 6.80 62.04 68.84 OK
r-release-macos-arm64 1.4.7 NOTE
r-release-macos-x86_64 1.4.7 NOTE
r-release-windows-ix86+x86_64 1.4.7 19.00 105.00 124.00 OK
r-oldrel-macos-x86_64 1.4.7 NOTE
r-oldrel-windows-ix86+x86_64 1.4.7 12.00 104.00 116.00 OK

Check Details

Version: 1.4.7
Check: data for non-ASCII characters
Result: NOTE
     Note: found 2 marked UTF-8 strings
Flavors: r-devel-linux-x86_64-fedora-clang, r-devel-linux-x86_64-fedora-gcc, r-devel-windows-x86_64-new-TK, r-patched-solaris-x86, r-release-macos-arm64, r-release-macos-x86_64, r-oldrel-macos-x86_64