CRAN Package Check Results for Package TukeyRegion

Last updated on 2021-05-07 11:49:48 CEST.

Flavor Version Tinstall Tcheck Ttotal Status Flags
r-devel-linux-x86_64-debian-clang 0.1.4 104.47 53.53 158.00 OK
r-devel-linux-x86_64-debian-gcc 0.1.4 71.71 42.59 114.30 OK
r-devel-linux-x86_64-fedora-clang 0.1.4 222.25 OK
r-devel-linux-x86_64-fedora-gcc 0.1.4 196.80 OK
r-devel-windows-ix86+x86_64 0.1.4 243.00 117.00 360.00 OK
r-devel-windows-x86_64-gcc10-UCRT 0.1.4 OK
r-patched-linux-x86_64 0.1.4 88.07 52.77 140.84 OK
r-patched-solaris-x86 0.1.4 219.20 OK
r-release-linux-x86_64 0.1.4 80.34 52.46 132.80 OK
r-release-macos-x86_64 0.1.4 OK
r-release-windows-ix86+x86_64 0.1.4 174.00 99.00 273.00 OK
r-oldrel-macos-x86_64 0.1.4 WARN
r-oldrel-windows-ix86+x86_64 0.1.4 219.00 123.00 342.00 OK

Check Details

Version: 0.1.4
Check: whether package can be installed
Result: WARN
    Found the following significant warnings:
     Warning: 'rgl.init' failed, running with 'rgl.useNULL = TRUE'.
Flavor: r-oldrel-macos-x86_64