CRAN Package Check Results for Package TreeSearch

Last updated on 2024-07-19 20:49:43 CEST.

Flavor Version Tinstall Tcheck Ttotal Status Flags
r-devel-linux-x86_64-debian-clang 1.5.1 52.73 422.34 475.07 OK
r-devel-linux-x86_64-debian-gcc 1.5.1 34.42 307.86 342.28 OK
r-devel-linux-x86_64-fedora-clang 1.5.1 595.24 OK
r-devel-linux-x86_64-fedora-gcc 1.5.1 581.31 OK
r-devel-windows-x86_64 1.5.1 54.00 326.00 380.00 NOTE
r-patched-linux-x86_64 1.5.1 55.50 411.48 466.98 OK
r-release-linux-x86_64 1.5.1 35.09 397.50 432.59 OK
r-release-macos-arm64 1.5.1 153.00 NOTE
r-release-macos-x86_64 1.5.1 234.00 NOTE
r-release-windows-x86_64 1.5.1 53.00 324.00 377.00 NOTE
r-oldrel-macos-arm64 1.5.1 167.00 NOTE
r-oldrel-macos-x86_64 1.5.1 397.00 NOTE
r-oldrel-windows-x86_64 1.5.1 64.00 424.00 488.00 NOTE

Check Details

Version: 1.5.1
Check: installed package size
Result: NOTE installed size is 5.6Mb sub-directories of 1Mb or more: datasets 1.6Mb doc 1.3Mb libs 1.1Mb Flavors: r-devel-windows-x86_64, r-release-macos-arm64, r-release-macos-x86_64, r-release-windows-x86_64, r-oldrel-macos-arm64, r-oldrel-macos-x86_64, r-oldrel-windows-x86_64

Version: 1.5.1
Check: Rd cross-references
Result: NOTE Found the following Rd file(s) with Rd \link{} targets missing package anchors: AdditionTree.Rd: ImposeConstraint AllSPR.Rd: phylo CharacterLength.Rd: phylo ConcordantInformation.Rd: phylo Consistency.Rd: phylo DoubleNNI.Rd: phylo JackLabels.Rd: phylo Jackknife.Rd: phylo MaximizeParsimony.Rd: phylo, ImposeConstraint MorphyTreeLength.Rd: RenumberTips, phylo NNI.Rd: phylo PlotCharacter.Rd: phylo Ratchet.Rd: phylo RearrangeEdges.Rd: phylo SPR.Rd: phylo SiteConcordance.Rd: phylo StopUnlessBifurcating.Rd: phylo SuccessiveApproximations.Rd: phylo TBR.Rd: phylo TBRWarning.Rd: phylo TaxonInfluence.Rd: ClusteringInfoDistance, write.nexus, path_sanitize TreeSearch.Rd: phylo cSPR.Rd: phylo dot-NonDuplicateRoot.Rd: phylo inapplicable.datasets.Rd: read.nexus.data Please provide package anchors for all Rd \link{} targets not in the package itself and the base packages. Flavor: r-devel-windows-x86_64