CRAN Package Check Results for Package TreeDist

Last updated on 2021-11-27 07:50:05 CET.

Flavor Version Tinstall Tcheck Ttotal Status Flags
r-devel-linux-x86_64-debian-clang 2.2.0 NOTE
r-devel-linux-x86_64-debian-gcc 2.2.0 49.70 128.01 177.71 NOTE
r-devel-linux-x86_64-fedora-clang 2.2.0 322.52 NOTE
r-devel-linux-x86_64-fedora-gcc 2.2.0 316.86 NOTE
r-devel-windows-x86_64-new-UL 2.2.0 105.00 439.00 544.00 NOTE
r-devel-windows-x86_64-new-TK 2.2.0 NOTE
r-devel-windows-x86_64-old 2.2.0 64.00 216.00 280.00 NOTE
r-patched-linux-x86_64 2.2.0 42.45 183.72 226.17 NOTE
r-patched-solaris-x86 2.2.0 339.80 NOTE
r-release-linux-x86_64 2.2.0 NOTE
r-release-macos-arm64 2.2.0 NOTE
r-release-macos-x86_64 2.2.0 NOTE
r-release-windows-ix86+x86_64 2.2.0 166.00 327.00 493.00 NOTE
r-oldrel-macos-x86_64 2.2.0 NOTE
r-oldrel-windows-ix86+x86_64 2.2.0 130.00 333.00 463.00 NOTE

Check Details

Version: 2.2.0
Check: package dependencies
Result: NOTE
    Package suggested but not available for checking: 'TreeDistData'
Flavors: r-devel-linux-x86_64-debian-clang, r-devel-linux-x86_64-debian-gcc, r-devel-linux-x86_64-fedora-clang, r-devel-linux-x86_64-fedora-gcc, r-devel-windows-x86_64-new-UL, r-devel-windows-x86_64-new-TK, r-devel-windows-x86_64-old, r-patched-linux-x86_64, r-patched-solaris-x86, r-release-linux-x86_64, r-release-macos-arm64, r-release-macos-x86_64, r-release-windows-ix86+x86_64, r-oldrel-macos-x86_64, r-oldrel-windows-ix86+x86_64