CRAN Package Check Results for Package TouRnament

Last updated on 2021-04-20 19:53:35 CEST.

Flavor Version Tinstall Tcheck Ttotal Status Flags
r-devel-linux-x86_64-debian-clang 0.2.5 2.13 21.45 23.58 NOTE
r-devel-linux-x86_64-debian-gcc 0.2.5 1.75 17.38 19.13 NOTE
r-devel-linux-x86_64-fedora-clang 0.2.5 38.57 NOTE
r-devel-linux-x86_64-fedora-gcc 0.2.5 28.87 NOTE
r-devel-windows-ix86+x86_64 0.2.5 5.00 27.00 32.00 NOTE
r-devel-windows-x86_64-gcc10-UCRT 0.2.5 NOTE
r-patched-linux-x86_64 0.2.5 2.24 20.89 23.13 OK
r-patched-solaris-x86 0.2.5 44.80 OK
r-release-linux-x86_64 0.2.5 2.11 20.76 22.87 OK
r-release-macos-x86_64 0.2.5 OK
r-release-windows-ix86+x86_64 0.2.5 4.00 30.00 34.00 OK
r-oldrel-macos-x86_64 0.2.5 OK
r-oldrel-windows-ix86+x86_64 0.2.5 4.00 37.00 41.00 OK

Check Details

Version: 0.2.5
Check: LazyData
Result: NOTE
     'LazyData' is specified without a 'data' directory
Flavors: r-devel-linux-x86_64-debian-clang, r-devel-linux-x86_64-debian-gcc, r-devel-linux-x86_64-fedora-clang, r-devel-linux-x86_64-fedora-gcc, r-devel-windows-ix86+x86_64, r-devel-windows-x86_64-gcc10-UCRT