CRAN Package Check Results for Package Tendril

Last updated on 2021-03-07 19:49:11 CET.

Flavor Version Tinstall Tcheck Ttotal Status Flags
r-devel-linux-x86_64-debian-clang 2.0.4 4.47 167.14 171.61 OK
r-devel-linux-x86_64-debian-gcc 2.0.4 2.94 124.44 127.38 OK
r-devel-linux-x86_64-fedora-clang 2.0.4 202.83 NOTE
r-devel-linux-x86_64-fedora-gcc 2.0.4 195.72 NOTE
r-devel-windows-ix86+x86_64 2.0.4 9.00 195.00 204.00 OK
r-devel-windows-x86_64-gcc10-UCRT 2.0.4 NOTE
r-patched-linux-x86_64 2.0.4 4.42 164.91 169.33 OK
r-patched-solaris-x86 2.0.4 262.70 NOTE
r-release-linux-x86_64 2.0.4 4.42 163.62 168.04 OK
r-release-macos-x86_64 2.0.4 NOTE
r-release-windows-ix86+x86_64 2.0.4 7.00 147.00 154.00 OK
r-oldrel-macos-x86_64 2.0.4 NOTE
r-oldrel-windows-ix86+x86_64 2.0.4 5.00 150.00 155.00 OK

Check Details

Version: 2.0.4
Check: dependencies in R code
Result: NOTE
    Namespace in Imports field not imported from: ‘graphics’
     All declared Imports should be used.
Flavors: r-devel-linux-x86_64-fedora-clang, r-devel-linux-x86_64-fedora-gcc, r-devel-windows-x86_64-gcc10-UCRT, r-patched-solaris-x86, r-release-macos-x86_64, r-oldrel-macos-x86_64