Last updated on 2023-03-20 11:54:26 CET.
Flavor | Version | Tinstall | Tcheck | Ttotal | Status | Flags |
---|---|---|---|---|---|---|
r-devel-linux-x86_64-debian-clang | 0.1.0 | OK | ||||
r-devel-linux-x86_64-debian-gcc | 0.1.0 | 10.90 | 95.02 | 105.92 | OK | |
r-devel-linux-x86_64-fedora-clang | 0.1.0 | 184.23 | NOTE | |||
r-devel-linux-x86_64-fedora-gcc | 0.1.0 | 176.47 | NOTE | |||
r-devel-windows-x86_64 | 0.1.0 | 21.00 | 146.00 | 167.00 | OK | |
r-patched-linux-x86_64 | 0.1.0 | 15.44 | 118.81 | 134.25 | OK | |
r-release-linux-x86_64 | 0.1.0 | 12.82 | 120.71 | 133.53 | OK | |
r-release-macos-arm64 | 0.1.0 | 49.00 | NOTE | |||
r-release-macos-x86_64 | 0.1.0 | 71.00 | NOTE | |||
r-release-windows-x86_64 | 0.1.0 | 25.00 | 138.00 | 163.00 | OK | |
r-oldrel-macos-arm64 | 0.1.0 | 47.00 | NOTE | |||
r-oldrel-macos-x86_64 | 0.1.0 | 73.00 | NOTE | |||
r-oldrel-windows-ix86+x86_64 | 0.1.0 | 35.00 | 303.00 | 338.00 | NOTE |
Version: 0.1.0
Check: dependencies in R code
Result: NOTE
Namespaces in Imports field not imported from:
‘reticulate’ ‘tensorflow’
All declared Imports should be used.
Flavors: r-devel-linux-x86_64-fedora-clang, r-devel-linux-x86_64-fedora-gcc, r-release-macos-arm64, r-release-macos-x86_64, r-oldrel-macos-arm64, r-oldrel-macos-x86_64
Version: 0.1.0
Check: R code for possible problems
Result: NOTE
Initiating curl with CURL_SSL_BACKEND: openssl
Flavor: r-oldrel-windows-ix86+x86_64