Last updated on 2021-01-23 11:48:28 CET.
Flavor | Version | Tinstall | Tcheck | Ttotal | Status | Flags |
---|---|---|---|---|---|---|
r-devel-linux-x86_64-debian-clang | 2017.4-1 | 4.43 | 37.04 | 41.47 | OK | |
r-devel-linux-x86_64-debian-gcc | 2017.4-1 | 3.75 | 28.84 | 32.59 | OK | |
r-devel-linux-x86_64-fedora-clang | 2017.4-1 | 61.48 | NOTE | |||
r-devel-linux-x86_64-fedora-gcc | 2017.4-1 | 50.48 | OK | |||
r-devel-windows-ix86+x86_64 | 2017.4-1 | 11.00 | 55.00 | 66.00 | OK | |
r-patched-linux-x86_64 | 2017.4-1 | 4.79 | 36.24 | 41.03 | OK | |
r-patched-solaris-x86 | 2017.4-1 | 73.70 | OK | |||
r-release-linux-x86_64 | 2017.4-1 | 4.59 | 35.75 | 40.34 | OK | |
r-release-macos-x86_64 | 2017.4-1 | OK | ||||
r-release-windows-ix86+x86_64 | 2017.4-1 | 10.00 | 62.00 | 72.00 | OK | |
r-oldrel-macos-x86_64 | 2017.4-1 | OK | ||||
r-oldrel-windows-ix86+x86_64 | 2017.4-1 | 6.00 | 51.00 | 57.00 | OK |
Version: 2017.4-1
Check: Rd cross-references
Result: NOTE
Undeclared packages ‘TSSQLite’, ‘TSMySQL’, ‘TSPostgreSQL’ in Rd xrefs
Flavor: r-devel-linux-x86_64-fedora-clang