Last updated on 2021-01-23 11:48:28 CET.
Flavor | Version | Tinstall | Tcheck | Ttotal | Status | Flags |
---|---|---|---|---|---|---|
r-devel-linux-x86_64-debian-clang | 2015.4-1 | 3.26 | 34.35 | 37.61 | NOTE | |
r-devel-linux-x86_64-debian-gcc | 2015.4-1 | 2.53 | 27.27 | 29.80 | NOTE | |
r-devel-linux-x86_64-fedora-clang | 2015.4-1 | 56.41 | NOTE | |||
r-devel-linux-x86_64-fedora-gcc | 2015.4-1 | 44.81 | NOTE | |||
r-devel-windows-ix86+x86_64 | 2015.4-1 | 7.00 | 52.00 | 59.00 | NOTE | |
r-patched-linux-x86_64 | 2015.4-1 | 3.03 | 33.59 | 36.62 | NOTE | |
r-patched-solaris-x86 | 2015.4-1 | 67.80 | NOTE | |||
r-release-linux-x86_64 | 2015.4-1 | 3.37 | 33.28 | 36.65 | NOTE | |
r-release-macos-x86_64 | 2015.4-1 | NOTE | ||||
r-release-windows-ix86+x86_64 | 2015.4-1 | 5.00 | 57.00 | 62.00 | NOTE | |
r-oldrel-macos-x86_64 | 2015.4-1 | NOTE | ||||
r-oldrel-windows-ix86+x86_64 | 2015.4-1 | 4.00 | 49.00 | 53.00 | NOTE |
Version: 2015.4-1
Check: R code for possible problems
Result: NOTE
tfDetails: no visible global function definition for 'start'
tfDetails: no visible global function definition for 'end'
Undefined global functions or variables:
end start
Consider adding
importFrom("stats", "end", "start")
to your NAMESPACE file.
Flavors: r-devel-linux-x86_64-debian-clang, r-devel-linux-x86_64-debian-gcc, r-devel-linux-x86_64-fedora-clang, r-devel-linux-x86_64-fedora-gcc, r-devel-windows-ix86+x86_64, r-patched-linux-x86_64, r-patched-solaris-x86, r-release-linux-x86_64, r-release-macos-x86_64, r-release-windows-ix86+x86_64, r-oldrel-macos-x86_64, r-oldrel-windows-ix86+x86_64
Version: 2015.4-1
Check: package dependencies
Result: NOTE
Package which this enhances but not available for checking: ‘TSodbc’
Flavors: r-release-macos-x86_64, r-oldrel-macos-x86_64