Last updated on 2022-05-25 11:51:19 CEST.
Flavor | Version | Tinstall | Tcheck | Ttotal | Status | Flags |
---|---|---|---|---|---|---|
r-devel-linux-x86_64-debian-clang | 1.3.1 | 14.50 | 144.58 | 159.08 | OK | |
r-devel-linux-x86_64-debian-gcc | 1.3.1 | 11.32 | 107.14 | 118.46 | OK | |
r-devel-linux-x86_64-fedora-clang | 1.3.1 | 189.39 | NOTE | |||
r-devel-linux-x86_64-fedora-gcc | 1.3.1 | 187.49 | OK | |||
r-devel-windows-x86_64 | 1.3.1 | 32.00 | 356.00 | 388.00 | OK | |
r-patched-linux-x86_64 | 1.3.1 | 19.70 | 138.98 | 158.68 | OK | |
r-release-linux-x86_64 | 1.3.1 | OK | ||||
r-release-macos-arm64 | 1.3.1 | 81.00 | OK | |||
r-release-macos-x86_64 | 1.3.1 | 145.00 | OK | |||
r-release-windows-x86_64 | 1.3.1 | 38.00 | 138.00 | 176.00 | OK | |
r-oldrel-macos-arm64 | 1.3.1 | 128.00 | OK | |||
r-oldrel-macos-x86_64 | 1.3.1 | 120.00 | OK | |||
r-oldrel-windows-ix86+x86_64 | 1.3.1 | 31.00 | 141.00 | 172.00 | OK |
Version: 1.3.1
Check: Rd cross-references
Result: NOTE
Undeclared packages ‘fpc’, ‘clValid’, ‘clv’ in Rd xrefs
Flavor: r-devel-linux-x86_64-fedora-clang