CRAN Package Check Results for Package TPLSr

Last updated on 2021-12-04 15:51:32 CET.

Flavor Version Tinstall Tcheck Ttotal Status Flags
r-devel-linux-x86_64-debian-clang 1.0.3 30.57 74.49 105.06 OK
r-devel-linux-x86_64-debian-gcc 1.0.3 25.02 56.80 81.82 OK
r-devel-linux-x86_64-fedora-clang 1.0.3 136.53 OK
r-devel-linux-x86_64-fedora-gcc 1.0.3 116.62 OK
r-devel-windows-x86_64-new-UL 1.0.3 49.00 123.00 172.00 OK
r-devel-windows-x86_64-new-TK 1.0.3 OK
r-devel-windows-x86_64-old 1.0.3 43.00 178.00 221.00 OK
r-patched-linux-x86_64 1.0.3 31.64 62.69 94.33 OK
r-release-linux-x86_64 1.0.3 28.83 62.88 91.71 OK
r-release-macos-arm64 1.0.3 NOTE
r-release-macos-x86_64 1.0.3 OK
r-release-windows-ix86+x86_64 1.0.3 48.00 89.00 137.00 OK
r-oldrel-macos-x86_64 1.0.3 OK
r-oldrel-windows-ix86+x86_64 1.0.3 46.00 343.00 389.00 OK

Check Details

Version: 1.0.3
Check: installed package size
Result: NOTE
     installed size is 5.2Mb
     sub-directories of 1Mb or more:
     data 5.1Mb
Flavor: r-release-macos-arm64