Last updated on 2021-03-07 19:49:11 CET.
Flavor | Version | Tinstall | Tcheck | Ttotal | Status | Flags |
---|---|---|---|---|---|---|
r-devel-linux-x86_64-debian-clang | 2.4.1 | 8.71 | 104.91 | 113.62 | OK | |
r-devel-linux-x86_64-debian-gcc | 2.4.1 | 7.19 | 76.37 | 83.56 | OK | |
r-devel-linux-x86_64-fedora-clang | 2.4.1 | 140.51 | NOTE | |||
r-devel-linux-x86_64-fedora-gcc | 2.4.1 | 139.01 | NOTE | |||
r-devel-windows-ix86+x86_64 | 2.4.1 | 20.00 | 124.00 | 144.00 | OK | |
r-devel-windows-x86_64-gcc10-UCRT | 2.4.1 | NOTE | ||||
r-patched-linux-x86_64 | 2.4.1 | 7.55 | 96.36 | 103.91 | OK | |
r-patched-solaris-x86 | 2.4.1 | 180.60 | NOTE | |||
r-release-linux-x86_64 | 2.4.1 | 8.99 | 97.30 | 106.29 | OK | |
r-release-macos-x86_64 | 2.4.1 | NOTE | ||||
r-release-windows-ix86+x86_64 | 2.4.1 | 15.00 | 98.00 | 113.00 | OK | |
r-oldrel-macos-x86_64 | 2.4.1 | NOTE | ||||
r-oldrel-windows-ix86+x86_64 | 2.4.1 | 13.00 | 93.00 | 106.00 | OK |
Version: 2.4.1
Check: dependencies in R code
Result: NOTE
Namespace in Imports field not imported from: ‘snow’
All declared Imports should be used.
Flavors: r-devel-linux-x86_64-fedora-clang, r-devel-linux-x86_64-fedora-gcc, r-devel-windows-x86_64-gcc10-UCRT, r-patched-solaris-x86, r-release-macos-x86_64, r-oldrel-macos-x86_64