Last updated on 2021-01-17 11:49:38 CET.
Flavor | Version | Tinstall | Tcheck | Ttotal | Status | Flags |
---|---|---|---|---|---|---|
r-devel-linux-x86_64-debian-clang | 0.1.0 | 2.56 | 28.70 | 31.26 | NOTE | |
r-devel-linux-x86_64-debian-gcc | 0.1.0 | 2.18 | 22.95 | 25.13 | NOTE | |
r-devel-linux-x86_64-fedora-clang | 0.1.0 | 49.58 | NOTE | |||
r-devel-linux-x86_64-fedora-gcc | 0.1.0 | 37.70 | NOTE | |||
r-devel-windows-ix86+x86_64 | 0.1.0 | 5.00 | 34.00 | 39.00 | NOTE | |
r-patched-linux-x86_64 | 0.1.0 | 2.66 | 27.61 | 30.27 | NOTE | |
r-patched-solaris-x86 | 0.1.0 | 61.50 | NOTE | |||
r-release-linux-x86_64 | 0.1.0 | 2.54 | 28.37 | 30.91 | NOTE | |
r-release-macos-x86_64 | 0.1.0 | NOTE | ||||
r-release-windows-ix86+x86_64 | 0.1.0 | 4.00 | 44.00 | 48.00 | NOTE | |
r-oldrel-macos-x86_64 | 0.1.0 | NOTE | ||||
r-oldrel-windows-ix86+x86_64 | 0.1.0 | 4.00 | 32.00 | 36.00 | NOTE |
Version: 0.1.0
Check: R code for possible problems
Result: NOTE
ParseTrueFX: no visible global function definition for 'read.csv'
TrueFXRef: no visible global function definition for 'download.file'
TrueFXRef: no visible global function definition for 'browseURL'
Undefined global functions or variables:
browseURL download.file read.csv
Consider adding
importFrom("utils", "browseURL", "download.file", "read.csv")
to your NAMESPACE file.
Flavors: r-devel-linux-x86_64-debian-clang, r-devel-linux-x86_64-debian-gcc, r-devel-linux-x86_64-fedora-clang, r-devel-linux-x86_64-fedora-gcc, r-devel-windows-ix86+x86_64, r-patched-linux-x86_64, r-patched-solaris-x86, r-release-linux-x86_64, r-release-macos-x86_64, r-release-windows-ix86+x86_64, r-oldrel-macos-x86_64, r-oldrel-windows-ix86+x86_64