CRAN Package Check Results for Package TFMPvalue

Last updated on 2021-06-20 03:48:43 CEST.

Flavor Version Tinstall Tcheck Ttotal Status Flags
r-devel-linux-x86_64-debian-clang 0.0.8 17.96 26.30 44.26 NOTE
r-devel-linux-x86_64-debian-gcc 0.0.8 11.00 20.61 31.61 NOTE
r-devel-linux-x86_64-fedora-clang 0.0.8 73.43 NOTE
r-devel-linux-x86_64-fedora-gcc 0.0.8 51.93 NOTE
r-devel-windows-x86_64 0.0.8 24.00 40.00 64.00 NOTE
r-devel-windows-x86_64-gcc10-UCRT 0.0.8 NOTE
r-patched-linux-x86_64 0.0.8 14.51 25.72 40.23 NOTE
r-patched-solaris-x86 0.0.8 71.40 NOTE
r-release-linux-x86_64 0.0.8 13.15 25.84 38.99 NOTE
r-release-macos-arm64 0.0.8 NOTE
r-release-macos-x86_64 0.0.8 NOTE
r-release-windows-ix86+x86_64 0.0.8 47.00 72.00 119.00 NOTE
r-oldrel-macos-x86_64 0.0.8 OK
r-oldrel-windows-ix86+x86_64 0.0.8 35.00 76.00 111.00 OK

Check Details

Version: 0.0.8
Check: LazyData
Result: NOTE
     'LazyData' is specified without a 'data' directory
Flavors: r-devel-linux-x86_64-debian-clang, r-devel-linux-x86_64-debian-gcc, r-devel-linux-x86_64-fedora-clang, r-devel-linux-x86_64-fedora-gcc, r-devel-windows-x86_64, r-devel-windows-x86_64-gcc10-UCRT, r-patched-linux-x86_64, r-patched-solaris-x86, r-release-linux-x86_64, r-release-macos-arm64, r-release-macos-x86_64, r-release-windows-ix86+x86_64