CRAN Package Check Results for Package T4cluster

Last updated on 2024-06-13 00:55:34 CEST.

Flavor Version Tinstall Tcheck Ttotal Status Flags
r-devel-linux-x86_64-debian-clang 0.1.2 242.94 205.96 448.90 NOTE
r-devel-linux-x86_64-debian-gcc 0.1.2 0.34 1.75 2.09 ERROR
r-devel-linux-x86_64-fedora-clang 0.1.2 627.82 NOTE
r-devel-linux-x86_64-fedora-gcc 0.1.2 641.97 NOTE
r-devel-windows-x86_64 0.1.2 185.00 230.00 415.00 NOTE
r-patched-linux-x86_64 0.1.2 174.81 199.96 374.77 NOTE
r-release-linux-x86_64 0.1.2 207.11 201.04 408.15 NOTE
r-release-macos-arm64 0.1.2 114.00 NOTE
r-release-macos-x86_64 0.1.2 139.00 NOTE
r-release-windows-x86_64 0.1.2 186.00 284.00 470.00 NOTE
r-oldrel-macos-arm64 0.1.2 147.00 NOTE
r-oldrel-macos-x86_64 0.1.2 260.00 NOTE
r-oldrel-windows-x86_64 0.1.2 232.00 424.00 656.00 NOTE

Check Details

Version: 0.1.2
Check: C++ specification
Result: NOTE Specified C++11: please drop specification unless essential Flavors: r-devel-linux-x86_64-debian-clang, r-devel-linux-x86_64-fedora-clang, r-devel-linux-x86_64-fedora-gcc, r-devel-windows-x86_64, r-patched-linux-x86_64, r-release-linux-x86_64, r-release-macos-arm64, r-release-macos-x86_64, r-release-windows-x86_64, r-oldrel-macos-arm64, r-oldrel-macos-x86_64, r-oldrel-windows-x86_64

Version: 0.1.2
Check: package dependencies
Result: ERROR Packages required but not available: 'fda', 'ggplot2' See section ‘The DESCRIPTION file’ in the ‘Writing R Extensions’ manual. Flavor: r-devel-linux-x86_64-debian-gcc

Version: 0.1.2
Check: Rd cross-references
Result: NOTE Undeclared package ‘HSAUR3’ in Rd xrefs Flavor: r-devel-linux-x86_64-fedora-clang

Version: 0.1.2
Check: installed package size
Result: NOTE installed size is 11.5Mb sub-directories of 1Mb or more: libs 11.0Mb Flavors: r-release-macos-arm64, r-release-macos-x86_64, r-oldrel-macos-arm64, r-oldrel-macos-x86_64