CRAN Package Check Results for Package SvyNom

Last updated on 2024-06-13 12:50:03 CEST.

Flavor Version Tinstall Tcheck Ttotal Status Flags
r-devel-linux-x86_64-debian-clang 1.2 10.74 126.59 137.33 OK
r-devel-linux-x86_64-debian-gcc 1.2 0.36 1.72 2.08 ERROR
r-devel-linux-x86_64-fedora-clang 1.2 181.41 OK
r-devel-linux-x86_64-fedora-gcc 1.2 165.74 OK
r-devel-windows-x86_64 1.2 12.00 101.00 113.00 OK
r-patched-linux-x86_64 1.2 10.70 120.02 130.72 OK
r-release-linux-x86_64 1.2 8.64 123.54 132.18 OK
r-release-macos-arm64 1.2 50.00 OK
r-release-macos-x86_64 1.2 81.00 OK
r-release-windows-x86_64 1.2 13.00 100.00 113.00 OK
r-oldrel-macos-arm64 1.2 58.00 OK
r-oldrel-macos-x86_64 1.2 89.00 OK
r-oldrel-windows-x86_64 1.2 17.00 148.00 165.00 OK

Check Details

Version: 1.2
Check: package dependencies
Result: ERROR Packages required but not available: 'Hmisc', 'rms' See section ‘The DESCRIPTION file’ in the ‘Writing R Extensions’ manual. Flavor: r-devel-linux-x86_64-debian-gcc