CRAN Package Check Results for Package SurvivalClusteringTree

Last updated on 2024-06-13 12:50:02 CEST.

Flavor Version Tinstall Tcheck Ttotal Status Flags
r-devel-linux-x86_64-debian-clang 1.1.1 57.92 94.67 152.59 OK
r-devel-linux-x86_64-debian-gcc 1.1.1 0.33 1.84 2.17 ERROR
r-devel-linux-x86_64-fedora-clang 1.1.1 214.79 OK
r-devel-linux-x86_64-fedora-gcc 1.1.1 219.76 OK
r-devel-windows-x86_64 1.1.1 47.00 101.00 148.00 OK
r-patched-linux-x86_64 1.1.1 49.97 93.32 143.29 OK
r-release-linux-x86_64 1.1.1 53.55 91.89 145.44 OK
r-release-macos-arm64 1.1.1 59.00 OK
r-release-macos-x86_64 1.1.1 80.00 OK
r-release-windows-x86_64 1.1.1 47.00 104.00 151.00 OK
r-oldrel-macos-arm64 1.1.1 80.00 OK
r-oldrel-macos-x86_64 1.1.1 141.00 OK
r-oldrel-windows-x86_64 1.1.1 56.00 137.00 193.00 OK

Check Details

Version: 1.1.1
Check: package dependencies
Result: ERROR Packages required but not available: 'dplyr', 'gridtext' See section ‘The DESCRIPTION file’ in the ‘Writing R Extensions’ manual. Flavor: r-devel-linux-x86_64-debian-gcc