CRAN Package Check Results for Package SurvGSD

Last updated on 2021-04-20 23:48:00 CEST.

Flavor Version Tinstall Tcheck Ttotal Status Flags
r-devel-linux-x86_64-debian-clang 1.0.0 10.65 93.33 103.98 NOTE
r-devel-linux-x86_64-debian-gcc 1.0.0 9.81 69.47 79.28 NOTE
r-devel-linux-x86_64-fedora-clang 1.0.0 135.23 NOTE
r-devel-linux-x86_64-fedora-gcc 1.0.0 119.40 NOTE
r-devel-windows-ix86+x86_64 1.0.0 19.00 82.00 101.00 NOTE
r-devel-windows-x86_64-gcc10-UCRT 1.0.0 NOTE
r-patched-linux-x86_64 1.0.0 10.85 84.64 95.49 OK
r-patched-solaris-x86 1.0.0 183.10 OK
r-release-linux-x86_64 1.0.0 11.46 84.92 96.38 OK
r-release-macos-x86_64 1.0.0 OK
r-release-windows-ix86+x86_64 1.0.0 26.00 93.00 119.00 OK
r-oldrel-macos-x86_64 1.0.0 OK
r-oldrel-windows-ix86+x86_64 1.0.0 22.00 107.00 129.00 OK

Check Details

Version: 1.0.0
Check: LazyData
Result: NOTE
     'LazyData' is specified without a 'data' directory
Flavors: r-devel-linux-x86_64-debian-clang, r-devel-linux-x86_64-debian-gcc, r-devel-linux-x86_64-fedora-clang, r-devel-linux-x86_64-fedora-gcc, r-devel-windows-ix86+x86_64, r-devel-windows-x86_64-gcc10-UCRT