CRAN Package Check Results for Package SurvCorr

Last updated on 2021-12-04 19:53:13 CET.

Flavor Version Tinstall Tcheck Ttotal Status Flags
r-devel-linux-x86_64-debian-clang 1.0 10.23 116.03 126.26 NOTE
r-devel-linux-x86_64-debian-gcc 1.0 8.21 85.34 93.55 NOTE
r-devel-linux-x86_64-fedora-clang 1.0 153.02 NOTE
r-devel-linux-x86_64-fedora-gcc 1.0 138.19 NOTE
r-devel-windows-x86_64-new-UL 1.0 20.00 136.00 156.00 NOTE
r-devel-windows-x86_64-new-TK 1.0 NOTE
r-devel-windows-x86_64-old 1.0 18.00 96.00 114.00 NOTE
r-patched-linux-x86_64 1.0 9.87 99.39 109.26 NOTE
r-release-linux-x86_64 1.0 9.66 99.66 109.32 NOTE
r-release-macos-arm64 1.0 NOTE
r-release-macos-x86_64 1.0 NOTE
r-release-windows-ix86+x86_64 1.0 26.00 124.00 150.00 NOTE
r-oldrel-macos-x86_64 1.0 NOTE
r-oldrel-windows-ix86+x86_64 1.0 26.00 127.00 153.00 NOTE

Check Details

Version: 1.0
Check: R code for possible problems
Result: NOTE
    pearson: no visible global function definition for 'cor'
    plot.survcorr: no visible global function definition for 'pnorm'
    plot.survcorr: no visible global function definition for 'par'
    plot.survcorr: no visible global function definition for 'points'
    survcorr: no visible global function definition for 'model.frame'
    survcorr: no visible global function definition for 'qnorm'
    survcorr: no visible global function definition for 'runif'
    survcorr: no visible global function definition for 'pnorm'
    survcorr: no visible global function definition for 'var'
    survcorr: no visible global function definition for 'qt'
    Undefined global functions or variables:
     cor model.frame par pnorm points qnorm qt runif var
    Consider adding
     importFrom("graphics", "par", "points")
     importFrom("stats", "cor", "model.frame", "pnorm", "qnorm", "qt",
     "runif", "var")
    to your NAMESPACE file.
Flavors: r-devel-linux-x86_64-debian-clang, r-devel-linux-x86_64-debian-gcc, r-devel-linux-x86_64-fedora-clang, r-devel-linux-x86_64-fedora-gcc, r-devel-windows-x86_64-new-UL, r-devel-windows-x86_64-new-TK, r-devel-windows-x86_64-old, r-patched-linux-x86_64, r-release-linux-x86_64, r-release-macos-arm64, r-release-macos-x86_64, r-release-windows-ix86+x86_64, r-oldrel-macos-x86_64, r-oldrel-windows-ix86+x86_64