CRAN Package Check Results for Package SunsVoc

Last updated on 2021-02-26 15:51:07 CET.

Flavor Version Tinstall Tcheck Ttotal Status Flags
r-devel-linux-x86_64-debian-clang 0.1.1 6.21 65.31 71.52 OK
r-devel-linux-x86_64-debian-gcc 0.1.1 5.72 48.46 54.18 OK
r-devel-linux-x86_64-fedora-clang 0.1.1 92.14 NOTE
r-devel-linux-x86_64-fedora-gcc 0.1.1 81.64 NOTE
r-devel-windows-ix86+x86_64 0.1.1 11.00 61.00 72.00 NOTE
r-patched-linux-x86_64 0.1.1 6.37 61.81 68.18 OK
r-patched-solaris-x86 0.1.1 120.70 NOTE
r-release-linux-x86_64 0.1.1 6.91 61.25 68.16 OK
r-release-macos-x86_64 0.1.1 NOTE
r-release-windows-ix86+x86_64 0.1.1 14.00 84.00 98.00 NOTE
r-oldrel-macos-x86_64 0.1.1 NOTE
r-oldrel-windows-ix86+x86_64 0.1.1 8.00 82.00 90.00 NOTE

Check Details

Version: 0.1.1
Check: installed package size
Result: NOTE
     installed size is 6.2Mb
     sub-directories of 1Mb or more:
     data 6.0Mb
Flavors: r-devel-linux-x86_64-fedora-clang, r-devel-windows-ix86+x86_64, r-patched-solaris-x86, r-release-macos-x86_64, r-release-windows-ix86+x86_64, r-oldrel-macos-x86_64, r-oldrel-windows-ix86+x86_64

Version: 0.1.1
Check: dependencies in R code
Result: NOTE
    Namespace in Imports field not imported from: ‘data.table’
     All declared Imports should be used.
Flavors: r-devel-linux-x86_64-fedora-clang, r-devel-linux-x86_64-fedora-gcc, r-patched-solaris-x86, r-release-macos-x86_64, r-oldrel-macos-x86_64