Last updated on 2023-03-27 23:55:56 CEST.
Flavor | Version | Tinstall | Tcheck | Ttotal | Status | Flags |
---|---|---|---|---|---|---|
r-devel-linux-x86_64-debian-clang | 0.2.1 | 520.50 | 294.09 | 814.59 | NOTE | |
r-devel-linux-x86_64-debian-gcc | 0.2.1 | 413.65 | 216.60 | 630.25 | NOTE | |
r-devel-linux-x86_64-fedora-clang | 0.2.1 | 1274.20 | NOTE | |||
r-devel-linux-x86_64-fedora-gcc | 0.2.1 | 1149.50 | NOTE | |||
r-devel-windows-x86_64 | 0.2.1 | 403.00 | 330.00 | 733.00 | NOTE | |
r-patched-linux-x86_64 | 0.2.1 | 436.08 | 276.42 | 712.50 | NOTE | |
r-release-linux-x86_64 | 0.2.1 | 434.07 | 272.77 | 706.84 | OK | |
r-release-macos-arm64 | 0.2.1 | 237.00 | NOTE | |||
r-release-macos-x86_64 | 0.2.1 | 304.00 | NOTE | |||
r-release-windows-x86_64 | 0.2.1 | 495.00 | 300.00 | 795.00 | OK | |
r-oldrel-macos-arm64 | 0.2.1 | 239.00 | NOTE | |||
r-oldrel-macos-x86_64 | 0.2.1 | 300.00 | NOTE | |||
r-oldrel-windows-ix86+x86_64 | 0.2.1 | 1242.00 | 464.00 | 1706.00 | OK |
Version: 0.2.1
Check: C++ specification
Result: NOTE
Specified C++11: please drop specification unless essential
Flavors: r-devel-linux-x86_64-debian-clang, r-devel-linux-x86_64-debian-gcc, r-devel-linux-x86_64-fedora-clang, r-devel-linux-x86_64-fedora-gcc, r-devel-windows-x86_64, r-patched-linux-x86_64
Version: 0.2.1
Check: installed package size
Result: NOTE
installed size is 12.2Mb
sub-directories of 1Mb or more:
libs 11.2Mb
Flavors: r-release-macos-arm64, r-release-macos-x86_64, r-oldrel-macos-arm64, r-oldrel-macos-x86_64