Last updated on 2023-01-29 07:56:17 CET.
Flavor | Version | Tinstall | Tcheck | Ttotal | Status | Flags |
---|---|---|---|---|---|---|
r-devel-linux-x86_64-debian-clang | 1.3.0 | 10.65 | 157.15 | 167.80 | OK | |
r-devel-linux-x86_64-debian-gcc | 1.3.0 | 9.37 | 114.02 | 123.39 | OK | |
r-devel-linux-x86_64-fedora-clang | 1.3.0 | 211.34 | NOTE | |||
r-devel-linux-x86_64-fedora-gcc | 1.3.0 | 217.37 | OK | |||
r-devel-windows-x86_64 | 1.3.0 | 24.00 | 204.00 | 228.00 | NOTE | |
r-patched-linux-x86_64 | 1.3.0 | 12.37 | 147.97 | 160.34 | OK | |
r-release-linux-x86_64 | 1.3.0 | 11.36 | 150.20 | 161.56 | OK | |
r-release-macos-arm64 | 1.3.0 | 66.00 | NOTE | |||
r-release-macos-x86_64 | 1.3.0 | 86.00 | NOTE | |||
r-release-windows-x86_64 | 1.3.0 | 40.00 | 210.00 | 250.00 | NOTE | |
r-oldrel-macos-arm64 | 1.3.0 | 58.00 | NOTE | |||
r-oldrel-macos-x86_64 | 1.3.0 | 78.00 | NOTE | |||
r-oldrel-windows-ix86+x86_64 | 1.3.0 | 29.00 | 193.00 | 222.00 | NOTE |
Version: 1.3.0
Check: installed package size
Result: NOTE
installed size is 8.8Mb
sub-directories of 1Mb or more:
doc 8.2Mb
Flavors: r-devel-linux-x86_64-fedora-clang, r-devel-windows-x86_64, r-release-macos-arm64, r-release-macos-x86_64, r-release-windows-x86_64, r-oldrel-macos-arm64, r-oldrel-macos-x86_64, r-oldrel-windows-ix86+x86_64