CRAN Package Check Results for Package SplitKnockoff

Last updated on 2021-12-04 15:51:30 CET.

Flavor Version Tinstall Tcheck Ttotal Status Flags
r-devel-linux-x86_64-debian-clang 1.0 7.68 88.22 95.90 OK
r-devel-linux-x86_64-debian-gcc 1.0 6.91 69.50 76.41 OK
r-devel-linux-x86_64-fedora-clang 1.0 124.52 NOTE
r-devel-linux-x86_64-fedora-gcc 1.0 107.69 NOTE
r-devel-windows-x86_64-new-UL 1.0 18.00 135.00 153.00 OK
r-devel-windows-x86_64-new-TK 1.0 NOTE
r-devel-windows-x86_64-old 1.0 14.00 87.00 101.00 OK
r-patched-linux-x86_64 1.0 7.97 76.70 84.67 OK
r-release-linux-x86_64 1.0 8.37 77.49 85.86 OK
r-release-macos-arm64 1.0 NOTE
r-release-macos-x86_64 1.0 NOTE
r-release-windows-ix86+x86_64 1.0 19.00 108.00 127.00 OK
r-oldrel-macos-x86_64 1.0 NOTE
r-oldrel-windows-ix86+x86_64 1.0 19.00 112.00 131.00 OK

Check Details

Version: 1.0
Check: dependencies in R code
Result: NOTE
    Namespaces in Imports field not imported from:
     ‘RSpectra’ ‘ggplot2’ ‘latex2exp’
     All declared Imports should be used.
Flavors: r-devel-linux-x86_64-fedora-clang, r-devel-linux-x86_64-fedora-gcc, r-devel-windows-x86_64-new-TK, r-release-macos-arm64, r-release-macos-x86_64, r-oldrel-macos-x86_64