CRAN Package Check Results for Package SphericalCubature

Last updated on 2024-06-21 20:48:24 CEST.

Flavor Version Tinstall Tcheck Ttotal Status Flags
r-devel-linux-x86_64-debian-clang 1.5 6.70 68.17 74.87 NOTE
r-devel-linux-x86_64-debian-gcc 1.5 4.70 47.79 52.49 NOTE
r-devel-linux-x86_64-fedora-clang 1.5 87.40 NOTE
r-devel-linux-x86_64-fedora-gcc 1.5 83.75 NOTE
r-devel-windows-x86_64 1.5 6.00 64.00 70.00 NOTE
r-patched-linux-x86_64 1.5 6.62 63.81 70.43 NOTE
r-release-linux-x86_64 1.5 5.11 65.69 70.80 NOTE
r-release-macos-arm64 1.5 27.00 NOTE
r-release-macos-x86_64 1.5 37.00 NOTE
r-release-windows-x86_64 1.5 6.00 66.00 72.00 NOTE
r-oldrel-macos-arm64 1.5 26.00 OK
r-oldrel-macos-x86_64 1.5 40.00 OK
r-oldrel-windows-x86_64 1.5 7.00 76.00 83.00 OK

Check Details

Version: 1.5
Check: Rd files
Result: NOTE checkRd: (-1) adaptIntegrateSpherePolar.Rd:14: Lost braces 14 | code{adaptIntegrateBallPolar()} will likely miss these abrupt changes and give | ^ Flavors: r-devel-linux-x86_64-debian-clang, r-devel-linux-x86_64-debian-gcc, r-devel-linux-x86_64-fedora-clang, r-devel-linux-x86_64-fedora-gcc, r-devel-windows-x86_64, r-patched-linux-x86_64, r-release-linux-x86_64, r-release-macos-arm64, r-release-macos-x86_64, r-release-windows-x86_64