CRAN Package Check Results for Package SpectralMap

Last updated on 2024-06-19 00:49:41 CEST.

Flavor Version Tinstall Tcheck Ttotal Status Flags
r-devel-linux-x86_64-debian-clang 1.0 3.44 46.03 49.47 NOTE
r-devel-linux-x86_64-debian-gcc 1.0 4.20 34.81 39.01 NOTE
r-devel-linux-x86_64-fedora-clang 1.0 64.65 NOTE
r-devel-linux-x86_64-fedora-gcc 1.0 61.62 NOTE
r-devel-windows-x86_64 1.0 5.00 50.00 55.00 NOTE
r-patched-linux-x86_64 1.0 5.97 45.52 51.49 NOTE
r-release-linux-x86_64 1.0 5.92 45.41 51.33 NOTE
r-release-macos-arm64 1.0 23.00 NOTE
r-release-macos-x86_64 1.0 31.00 NOTE
r-release-windows-x86_64 1.0 5.00 52.00 57.00 NOTE
r-oldrel-macos-arm64 1.0 28.00 NOTE
r-oldrel-macos-x86_64 1.0 43.00 NOTE
r-oldrel-windows-x86_64 1.0 7.00 57.00 64.00 NOTE

Check Details

Version: 1.0
Check: LazyData
Result: NOTE 'LazyData' is specified without a 'data' directory Flavors: r-devel-linux-x86_64-debian-clang, r-devel-linux-x86_64-debian-gcc, r-devel-linux-x86_64-fedora-clang, r-devel-linux-x86_64-fedora-gcc, r-devel-windows-x86_64, r-patched-linux-x86_64, r-release-linux-x86_64, r-release-macos-arm64, r-release-macos-x86_64, r-release-windows-x86_64, r-oldrel-macos-arm64, r-oldrel-macos-x86_64, r-oldrel-windows-x86_64