CRAN Package Check Results for Package SpatialPOP

Last updated on 2024-06-21 20:48:24 CEST.

Flavor Version Tinstall Tcheck Ttotal Status Flags
r-devel-linux-x86_64-debian-clang 0.1.0 2.56 31.71 34.27 OK
r-devel-linux-x86_64-debian-gcc 0.1.0 2.15 25.29 27.44 OK
r-devel-linux-x86_64-fedora-clang 0.1.0 45.02 NOTE
r-devel-linux-x86_64-fedora-gcc 0.1.0 55.20 NOTE
r-devel-windows-x86_64 0.1.0 3.00 44.00 47.00 OK
r-patched-linux-x86_64 0.1.0 2.65 30.88 33.53 OK
r-release-linux-x86_64 0.1.0 2.23 30.65 32.88 OK
r-release-macos-arm64 0.1.0 26.00 OK
r-release-macos-x86_64 0.1.0 38.00 OK
r-release-windows-x86_64 0.1.0 3.00 47.00 50.00 OK
r-oldrel-macos-arm64 0.1.0 25.00 OK
r-oldrel-macos-x86_64 0.1.0 34.00 OK
r-oldrel-windows-x86_64 0.1.0 4.00 47.00 51.00 OK

Check Details

Version: 0.1.0
Check: dependencies in R code
Result: NOTE Namespace in Imports field not imported from: ‘MASS’ All declared Imports should be used. Flavors: r-devel-linux-x86_64-fedora-clang, r-devel-linux-x86_64-fedora-gcc