Last updated on 2021-03-09 07:49:53 CET.
Flavor | Version | Tinstall | Tcheck | Ttotal | Status | Flags |
---|---|---|---|---|---|---|
r-devel-linux-x86_64-debian-clang | 0.1.0 | 13.07 | 78.71 | 91.78 | NOTE | |
r-devel-linux-x86_64-debian-gcc | 0.1.0 | 12.12 | 59.52 | 71.64 | NOTE | |
r-devel-linux-x86_64-fedora-clang | 0.1.0 | 122.49 | NOTE | |||
r-devel-linux-x86_64-fedora-gcc | 0.1.0 | 112.24 | NOTE | |||
r-devel-windows-ix86+x86_64 | 0.1.0 | 31.00 | 98.00 | 129.00 | NOTE | |
r-devel-windows-x86_64-gcc10-UCRT | 0.1.0 | NOTE | ||||
r-patched-linux-x86_64 | 0.1.0 | 12.35 | 72.90 | 85.25 | NOTE | |
r-patched-solaris-x86 | 0.1.0 | 174.20 | NOTE | |||
r-release-linux-x86_64 | 0.1.0 | 13.68 | 72.73 | 86.41 | NOTE | |
r-release-macos-x86_64 | 0.1.0 | NOTE | ||||
r-release-windows-ix86+x86_64 | 0.1.0 | 22.00 | 103.00 | 125.00 | NOTE | |
r-oldrel-macos-x86_64 | 0.1.0 | NOTE | ||||
r-oldrel-windows-ix86+x86_64 | 0.1.0 | 19.00 | 72.00 | 91.00 | OK |
Version: 0.1.0
Check: package vignettes
Result: NOTE
Package vignette with placeholder title 'Vignette Title':
'Starting.Rmd'
Flavors: r-devel-linux-x86_64-debian-clang, r-devel-linux-x86_64-debian-gcc, r-devel-windows-ix86+x86_64, r-patched-linux-x86_64, r-release-linux-x86_64, r-release-windows-ix86+x86_64
Version: 0.1.0
Check: dependencies in R code
Result: NOTE
Namespace in Imports field not imported from: ‘lubridate’
All declared Imports should be used.
Flavors: r-devel-linux-x86_64-fedora-clang, r-devel-linux-x86_64-fedora-gcc, r-devel-windows-x86_64-gcc10-UCRT, r-patched-solaris-x86, r-release-macos-x86_64, r-oldrel-macos-x86_64