CRAN Package Check Results for Package SpatMCA

Last updated on 2024-04-17 00:54:34 CEST.

Flavor Version Tinstall Tcheck Ttotal Status Flags
r-devel-linux-x86_64-debian-clang 1.0.4 61.40 81.57 142.97 NOTE
r-devel-linux-x86_64-debian-gcc 1.0.4 45.45 56.79 102.24 NOTE
r-devel-linux-x86_64-fedora-clang 1.0.4 191.31 NOTE
r-devel-linux-x86_64-fedora-gcc 1.0.4 191.02 NOTE
r-prerel-macos-arm64 1.0.4 44.00 NOTE
r-prerel-windows-x86_64 1.0.4 48.00 94.00 142.00 NOTE
r-patched-linux-x86_64 1.0.4 54.84 73.66 128.50 NOTE
r-release-linux-x86_64 1.0.4 51.69 76.25 127.94 NOTE
r-release-macos-arm64 1.0.4 51.00 NOTE
r-release-macos-x86_64 1.0.4 160.00 NOTE
r-release-windows-x86_64 1.0.4 60.00 116.00 176.00 NOTE
r-oldrel-macos-arm64 1.0.4 48.00 NOTE
r-oldrel-windows-x86_64 1.0.4 55.00 109.00 164.00 NOTE

Check Details

Version: 1.0.4
Check: for GNU extensions in Makefiles
Result: NOTE GNU make is a SystemRequirements. Flavors: r-devel-linux-x86_64-debian-clang, r-devel-linux-x86_64-debian-gcc, r-devel-linux-x86_64-fedora-clang, r-devel-linux-x86_64-fedora-gcc, r-prerel-macos-arm64, r-prerel-windows-x86_64, r-patched-linux-x86_64, r-release-linux-x86_64, r-release-macos-arm64, r-release-macos-x86_64, r-release-windows-x86_64, r-oldrel-macos-arm64, r-oldrel-windows-x86_64