Last updated on 2021-02-25 07:49:58 CET.
Flavor | Version | Tinstall | Tcheck | Ttotal | Status | Flags |
---|---|---|---|---|---|---|
r-devel-linux-x86_64-debian-clang | 0.8.2 | 2.81 | 53.48 | 56.29 | NOTE | |
r-devel-linux-x86_64-debian-gcc | 0.8.2 | 2.05 | 37.58 | 39.63 | NOTE | |
r-devel-linux-x86_64-fedora-clang | 0.8.2 | 77.23 | NOTE | |||
r-devel-linux-x86_64-fedora-gcc | 0.8.2 | 65.99 | NOTE | |||
r-devel-windows-ix86+x86_64 | 0.8.2 | 5.00 | 55.00 | 60.00 | NOTE | |
r-patched-linux-x86_64 | 0.8.2 | 2.42 | 49.61 | 52.03 | NOTE | |
r-patched-solaris-x86 | 0.8.2 | 89.00 | NOTE | |||
r-release-linux-x86_64 | 0.8.2 | 2.86 | 51.02 | 53.88 | NOTE | |
r-release-macos-x86_64 | 0.8.2 | NOTE | ||||
r-release-windows-ix86+x86_64 | 0.8.2 | 5.00 | 77.00 | 82.00 | NOTE | |
r-oldrel-macos-x86_64 | 0.8.2 | NOTE | ||||
r-oldrel-windows-ix86+x86_64 | 0.8.2 | 4.00 | 68.00 | 72.00 | NOTE |
Version: 0.8.2
Check: DESCRIPTION meta-information
Result: NOTE
Malformed Description field: should contain one or more complete sentences.
Flavors: r-devel-linux-x86_64-debian-clang, r-devel-linux-x86_64-debian-gcc, r-devel-linux-x86_64-fedora-clang, r-devel-linux-x86_64-fedora-gcc, r-devel-windows-ix86+x86_64, r-patched-linux-x86_64, r-patched-solaris-x86, r-release-linux-x86_64, r-release-macos-x86_64, r-release-windows-ix86+x86_64, r-oldrel-macos-x86_64, r-oldrel-windows-ix86+x86_64