Last updated on 2021-01-17 11:49:36 CET.
Flavor | Version | Tinstall | Tcheck | Ttotal | Status | Flags |
---|---|---|---|---|---|---|
r-devel-linux-x86_64-debian-clang | 1.0.1 | 2.12 | 22.01 | 24.13 | NOTE | |
r-devel-linux-x86_64-debian-gcc | 1.0.1 | 1.58 | 17.62 | 19.20 | NOTE | |
r-devel-linux-x86_64-fedora-clang | 1.0.1 | 38.63 | NOTE | |||
r-devel-linux-x86_64-fedora-gcc | 1.0.1 | 29.13 | NOTE | |||
r-devel-windows-ix86+x86_64 | 1.0.1 | 4.00 | 29.00 | 33.00 | NOTE | |
r-patched-linux-x86_64 | 1.0.1 | 2.01 | 21.60 | 23.61 | NOTE | |
r-patched-solaris-x86 | 1.0.1 | 44.30 | NOTE | |||
r-release-linux-x86_64 | 1.0.1 | 2.11 | 21.41 | 23.52 | NOTE | |
r-release-macos-x86_64 | 1.0.1 | NOTE | ||||
r-release-windows-ix86+x86_64 | 1.0.1 | 5.00 | 29.00 | 34.00 | NOTE | |
r-oldrel-macos-x86_64 | 1.0.1 | NOTE | ||||
r-oldrel-windows-ix86+x86_64 | 1.0.1 | 4.00 | 27.00 | 31.00 | NOTE |
Version: 1.0.1
Check: DESCRIPTION meta-information
Result: NOTE
Malformed Description field: should contain one or more complete sentences.
Flavors: r-devel-linux-x86_64-debian-clang, r-devel-linux-x86_64-debian-gcc, r-devel-linux-x86_64-fedora-clang, r-devel-linux-x86_64-fedora-gcc, r-devel-windows-ix86+x86_64, r-patched-linux-x86_64, r-patched-solaris-x86, r-release-linux-x86_64, r-release-macos-x86_64, r-release-windows-ix86+x86_64, r-oldrel-macos-x86_64, r-oldrel-windows-ix86+x86_64
Version: 1.0.1
Check: R code for possible problems
Result: NOTE
lines.SmithWilsonYieldCurve: no visible global function definition for
'lines'
points.SmithWilsonYieldCurve: no visible global function definition for
'points'
Undefined global functions or variables:
lines points
Consider adding
importFrom("graphics", "lines", "points")
to your NAMESPACE file.
Flavors: r-devel-linux-x86_64-debian-clang, r-devel-linux-x86_64-debian-gcc, r-devel-linux-x86_64-fedora-clang, r-devel-linux-x86_64-fedora-gcc, r-devel-windows-ix86+x86_64, r-patched-linux-x86_64, r-patched-solaris-x86, r-release-linux-x86_64, r-release-macos-x86_64, r-release-windows-ix86+x86_64
Version: 1.0.1
Check: R code for possible problems
Result: NOTE
lines.SmithWilsonYieldCurve: no visible global function definition for
‘lines’
plot.SmithWilsonYieldCurve: no visible global function definition for
‘plot’
points.SmithWilsonYieldCurve: no visible global function definition for
‘points’
Undefined global functions or variables:
lines plot points
Consider adding
importFrom("graphics", "lines", "plot", "points")
to your NAMESPACE file.
Flavors: r-oldrel-macos-x86_64, r-oldrel-windows-ix86+x86_64