Last updated on 2023-02-06 11:56:20 CET.
Flavor | Version | Tinstall | Tcheck | Ttotal | Status | Flags |
---|---|---|---|---|---|---|
r-devel-linux-x86_64-debian-clang | 0.2.0 | 3.43 | 34.86 | 38.29 | NOTE | |
r-devel-linux-x86_64-debian-gcc | 0.2.0 | 2.42 | 25.99 | 28.41 | NOTE | |
r-devel-linux-x86_64-fedora-clang | 0.2.0 | 48.12 | NOTE | |||
r-devel-linux-x86_64-fedora-gcc | 0.2.0 | 57.46 | NOTE | |||
r-devel-windows-x86_64 | 0.2.0 | 20.00 | 70.00 | 90.00 | OK | |
r-patched-linux-x86_64 | 0.2.0 | 3.77 | 32.46 | 36.23 | NOTE | |
r-release-linux-x86_64 | 0.2.0 | 3.10 | 32.02 | 35.12 | NOTE | |
r-release-macos-arm64 | 0.2.0 | 19.00 | OK | |||
r-release-macos-x86_64 | 0.2.0 | 27.00 | OK | |||
r-release-windows-x86_64 | 0.2.0 | 27.00 | 69.00 | 96.00 | OK | |
r-oldrel-macos-arm64 | 0.2.0 | 24.00 | OK | |||
r-oldrel-macos-x86_64 | 0.2.0 | 34.00 | OK | |||
r-oldrel-windows-ix86+x86_64 | 0.2.0 | 7.00 | 63.00 | 70.00 | OK |
Version: 0.2.0
Check: for non-standard things in the check directory
Result: NOTE
Found the following files/directories:
‘simu.pheno’ ‘usedpars.txt’
Flavors: r-devel-linux-x86_64-debian-clang, r-devel-linux-x86_64-debian-gcc, r-devel-linux-x86_64-fedora-clang, r-devel-linux-x86_64-fedora-gcc, r-patched-linux-x86_64, r-release-linux-x86_64