Last updated on 2021-01-27 15:51:57 CET.
Flavor | Version | Tinstall | Tcheck | Ttotal | Status | Flags |
---|---|---|---|---|---|---|
r-devel-linux-x86_64-debian-clang | 4.8 | 26.14 | 268.38 | 294.52 | OK | |
r-devel-linux-x86_64-debian-gcc | 4.8 | OK | ||||
r-devel-linux-x86_64-fedora-clang | 4.8 | 351.49 | OK | |||
r-devel-linux-x86_64-fedora-gcc | 4.8 | 354.72 | OK | |||
r-devel-windows-ix86+x86_64 | 4.8 | 46.00 | 453.00 | 499.00 | OK | |
r-patched-linux-x86_64 | 4.8 | 24.04 | 255.62 | 279.66 | OK | |
r-patched-solaris-x86 | 4.8 | 601.50 | OK | |||
r-release-linux-x86_64 | 4.8 | 23.46 | 255.32 | 278.78 | OK | |
r-release-macos-x86_64 | 4.8 | OK | ||||
r-release-windows-ix86+x86_64 | 4.8 | 47.00 | 339.00 | 386.00 | OK | |
r-oldrel-macos-x86_64 | 4.8 | NOTE | ||||
r-oldrel-windows-ix86+x86_64 | 4.8 | 32.00 | 436.00 | 468.00 | OK |
Version: 4.8
Check: dependencies in R code
Result: NOTE
No protocol specified
No protocol specified
Flavor: r-oldrel-macos-x86_64