CRAN Package Check Results for Package SeuratObject

Last updated on 2021-06-21 11:52:21 CEST.

Flavor Version Tinstall Tcheck Ttotal Status Flags
r-devel-linux-x86_64-debian-clang 4.0.2 39.83 100.37 140.20 OK
r-devel-linux-x86_64-debian-gcc 4.0.2 29.75 75.42 105.17 OK
r-devel-linux-x86_64-fedora-clang 4.0.2 187.87 NOTE
r-devel-linux-x86_64-fedora-gcc 4.0.2 170.58 OK
r-devel-windows-x86_64 4.0.2 56.00 128.00 184.00 OK
r-devel-windows-x86_64-gcc10-UCRT 4.0.2 NOTE
r-patched-linux-x86_64 4.0.2 36.24 96.63 132.87 OK
r-patched-solaris-x86 4.0.2 206.40 OK
r-release-linux-x86_64 4.0.2 37.59 97.47 135.06 OK
r-release-macos-arm64 4.0.2 OK
r-release-macos-x86_64 4.0.2 OK
r-release-windows-ix86+x86_64 4.0.2 72.00 159.00 231.00 OK
r-oldrel-macos-x86_64 4.0.2 OK

Check Details

Version: 4.0.2
Check: Rd cross-references
Result: NOTE
    Undeclared package ‘plotly’ in Rd xrefs
Flavor: r-devel-linux-x86_64-fedora-clang

Version: 4.0.2
Check: Rd cross-references
Result: NOTE
    Package unavailable to check Rd xrefs: 'plotly'
Flavor: r-devel-windows-x86_64-gcc10-UCRT