CRAN Package Check Results for Package SelectBoost

Last updated on 2021-11-30 19:51:36 CET.

Flavor Version Tinstall Tcheck Ttotal Status Flags
r-devel-linux-x86_64-debian-clang 2.2.0 18.70 126.71 145.41 OK
r-devel-linux-x86_64-debian-gcc 2.2.0 15.48 97.43 112.91 OK
r-devel-linux-x86_64-fedora-clang 2.2.0 195.91 NOTE
r-devel-linux-x86_64-fedora-gcc 2.2.0 175.14 NOTE
r-devel-windows-x86_64-new-UL 2.2.0 33.00 183.00 216.00 OK
r-devel-windows-x86_64-new-TK 2.2.0 NOTE
r-devel-windows-x86_64-old 2.2.0 27.00 132.00 159.00 OK
r-patched-linux-x86_64 2.2.0 16.81 125.85 142.66 OK
r-patched-solaris-x86 2.2.0 258.00 NOTE
r-release-linux-x86_64 2.2.0 15.82 126.26 142.08 OK
r-release-macos-arm64 2.2.0 NOTE
r-release-macos-x86_64 2.2.0 NOTE
r-release-windows-ix86+x86_64 2.2.0 35.00 163.00 198.00 OK
r-oldrel-macos-x86_64 2.2.0 NOTE
r-oldrel-windows-ix86+x86_64 2.2.0 27.00 140.00 167.00 OK

Check Details

Version: 2.2.0
Check: dependencies in R code
Result: NOTE
    Namespace in Imports field not imported from: ‘parallel’
     All declared Imports should be used.
Flavors: r-devel-linux-x86_64-fedora-clang, r-devel-linux-x86_64-fedora-gcc, r-devel-windows-x86_64-new-TK, r-patched-solaris-x86, r-release-macos-arm64, r-release-macos-x86_64, r-oldrel-macos-x86_64

Version: 2.2.0
Check: package dependencies
Result: NOTE
    Package suggested but not available for checking: ‘mixOmics’
Flavor: r-release-macos-arm64