CRAN Package Check Results for Package SelectBoost

Last updated on 2021-06-21 07:49:00 CEST.

Flavor Version Tinstall Tcheck Ttotal Status Flags
r-devel-linux-x86_64-debian-clang 2.2.0 19.35 132.08 151.43 OK
r-devel-linux-x86_64-debian-gcc 2.2.0 13.72 98.41 112.13 OK
r-devel-linux-x86_64-fedora-clang 2.2.0 188.73 NOTE
r-devel-linux-x86_64-fedora-gcc 2.2.0 180.14 NOTE
r-devel-windows-x86_64 2.2.0 26.00 153.00 179.00 OK
r-devel-windows-x86_64-gcc10-UCRT 2.2.0 ERROR
r-patched-linux-x86_64 2.2.0 17.55 126.08 143.63 OK
r-patched-solaris-x86 2.2.0 267.10 NOTE
r-release-linux-x86_64 2.2.0 14.94 127.12 142.06 OK
r-release-macos-arm64 2.2.0 NOTE
r-release-macos-x86_64 2.2.0 NOTE
r-release-windows-ix86+x86_64 2.2.0 35.00 159.00 194.00 OK
r-oldrel-macos-x86_64 2.2.0 NOTE

Check Details

Version: 2.2.0
Check: dependencies in R code
Result: NOTE
    Namespace in Imports field not imported from: ‘parallel’
     All declared Imports should be used.
Flavors: r-devel-linux-x86_64-fedora-clang, r-devel-linux-x86_64-fedora-gcc, r-patched-solaris-x86, r-release-macos-arm64, r-release-macos-x86_64, r-oldrel-macos-x86_64

Version: 2.2.0
Check: package dependencies
Result: ERROR
    Package required but not available: 'Cascade'
    
    See section 'The DESCRIPTION file' in the 'Writing R Extensions'
    manual.
Flavor: r-devel-windows-x86_64-gcc10-UCRT

Version: 2.2.0
Check: package dependencies
Result: NOTE
    Package suggested but not available for checking: ‘mixOmics’
Flavor: r-release-macos-arm64