CRAN Package Check Results for Package ScriptMapR

Last updated on 2021-06-20 03:48:39 CEST.

Flavor Version Tinstall Tcheck Ttotal Status Flags
r-devel-linux-x86_64-debian-clang 0.0.3 17.78 131.92 149.70 NOTE
r-devel-linux-x86_64-debian-gcc 0.0.3 14.98 96.97 111.95 NOTE
r-devel-linux-x86_64-fedora-clang 0.0.3 184.93 NOTE
r-devel-linux-x86_64-fedora-gcc 0.0.3 182.67 NOTE
r-devel-windows-x86_64 0.0.3 26.00 147.00 173.00 NOTE
r-devel-windows-x86_64-gcc10-UCRT 0.0.3 NOTE
r-patched-linux-x86_64 0.0.3 19.55 123.54 143.09 NOTE
r-patched-solaris-x86 0.0.3 259.70 NOTE
r-release-linux-x86_64 0.0.3 18.56 124.26 142.82 NOTE
r-release-macos-arm64 0.0.3 ERROR
r-release-macos-x86_64 0.0.3 NOTE
r-release-windows-ix86+x86_64 0.0.3 36.00 150.00 186.00 NOTE
r-oldrel-macos-x86_64 0.0.3 OK
r-oldrel-windows-ix86+x86_64 0.0.3 17.00 107.00 124.00 OK

Check Details

Version: 0.0.3
Check: LazyData
Result: NOTE
     'LazyData' is specified without a 'data' directory
Flavors: r-devel-linux-x86_64-debian-clang, r-devel-linux-x86_64-debian-gcc, r-devel-linux-x86_64-fedora-clang, r-devel-linux-x86_64-fedora-gcc, r-devel-windows-x86_64, r-devel-windows-x86_64-gcc10-UCRT, r-patched-linux-x86_64, r-patched-solaris-x86, r-release-linux-x86_64, r-release-macos-x86_64, r-release-windows-ix86+x86_64

Version: 0.0.3
Check: package dependencies
Result: ERROR
    Package required but not available: ‘RCy3’
    
    See section ‘The DESCRIPTION file’ in the ‘Writing R Extensions’
    manual.
Flavor: r-release-macos-arm64