Last updated on 2022-05-25 11:51:17 CEST.
Flavor | Version | Tinstall | Tcheck | Ttotal | Status | Flags |
---|---|---|---|---|---|---|
r-devel-linux-x86_64-debian-clang | 2.0.1 | 6.59 | 78.67 | 85.26 | OK | |
r-devel-linux-x86_64-debian-gcc | 2.0.1 | 5.34 | 59.07 | 64.41 | OK | |
r-devel-linux-x86_64-fedora-clang | 2.0.1 | 99.06 | NOTE | |||
r-devel-linux-x86_64-fedora-gcc | 2.0.1 | 96.06 | NOTE | |||
r-devel-windows-x86_64 | 2.0.1 | 18.00 | 95.00 | 113.00 | OK | |
r-patched-linux-x86_64 | 2.0.1 | 6.94 | 72.41 | 79.35 | OK | |
r-release-linux-x86_64 | 2.0.1 | OK | ||||
r-release-macos-arm64 | 2.0.1 | 30.00 | NOTE | |||
r-release-macos-x86_64 | 2.0.1 | 57.00 | NOTE | |||
r-release-windows-x86_64 | 2.0.1 | 17.00 | 96.00 | 113.00 | OK | |
r-oldrel-macos-arm64 | 2.0.1 | 36.00 | NOTE | |||
r-oldrel-macos-x86_64 | 2.0.1 | 55.00 | NOTE | |||
r-oldrel-windows-ix86+x86_64 | 2.0.1 | 18.00 | 89.00 | 107.00 | OK |
Version: 2.0.1
Check: dependencies in R code
Result: NOTE
Namespace in Imports field not imported from: ‘shiny’
All declared Imports should be used.
Flavors: r-devel-linux-x86_64-fedora-clang, r-devel-linux-x86_64-fedora-gcc, r-release-macos-arm64, r-release-macos-x86_64, r-oldrel-macos-arm64, r-oldrel-macos-x86_64